{"id":297,"date":"2024-02-25T10:29:44","date_gmt":"2024-02-25T10:29:44","guid":{"rendered":"https:\/\/wymownie.pl\/?page_id=297"},"modified":"2024-02-25T10:29:46","modified_gmt":"2024-02-25T10:29:46","slug":"wysylka-zagraniczna","status":"publish","type":"page","link":"https:\/\/wymownie.pl\/index.php\/wysylka-zagraniczna\/","title":{"rendered":"Wysy\u0142ka zagraniczna"},"content":{"rendered":"\n<p>Hej! <br>Je\u015bli chcesz zam\u00f3wi\u0107 ksi\u0105\u017ck\u0119 poza granic\u0119 Polski skontaktuj si\u0119 ze mn\u0105!<\/p>\n\n\n\n<p><a href=\"https:\/\/www.facebook.com\/kamilprabucki.wymownie\">Facebook<\/a><\/p>\n\n\n\n<p><a href=\"wymownie.pl@gmail.com\" data-type=\"link\" data-id=\"wymownie.pl@gmail.com\">E-mail<\/a><\/p>\n\n\n\n<p>Pozdrawiam!<\/p>\n","protected":false},"excerpt":{"rendered":"<p>Hej! Je\u015bli chcesz zam\u00f3wi\u0107 ksi\u0105\u017ck\u0119 poza granic\u0119 Polski skontaktuj si\u0119 ze mn\u0105! Facebook E-mail Pozdrawiam!<\/p>\n","protected":false},"author":1,"featured_media":0,"parent":0,"menu_order":0,"comment_status":"closed","ping_status":"closed","template":"","meta":{"_eb_attr":"","_uag_custom_page_level_css":"","_kadence_starter_templates_imported_post":false,"_kad_post_transparent":"","_kad_post_title":"","_kad_post_layout":"","_kad_post_sidebar_id":"","_kad_post_content_style":"","_kad_post_vertical_padding":"","_kad_post_feature":"","_kad_post_feature_position":"","_kad_post_header":false,"_kad_post_footer":false,"footnotes":""},"class_list":["post-297","page","type-page","status-publish","hentry"],"uagb_featured_image_src":{"full":false,"thumbnail":false,"medium":false,"medium_large":false,"large":false,"1536x1536":false,"2048x2048":false,"woocommerce_thumbnail":false,"woocommerce_single":false,"woocommerce_gallery_thumbnail":false},"uagb_author_info":{"display_name":"admin","author_link":"https:\/\/wymownie.pl\/index.php\/author\/admin\/"},"uagb_comment_info":0,"uagb_excerpt":"Hej! Je\u015bli chcesz zam\u00f3wi\u0107 ksi\u0105\u017ck\u0119 poza granic\u0119 Polski skontaktuj si\u0119 ze mn\u0105! Facebook E-mail Pozdrawiam!","_links":{"self":[{"href":"https:\/\/wymownie.pl\/index.php\/wp-json\/wp\/v2\/pages\/297","targetHints":{"allow":["GET"]}}],"collection":[{"href":"https:\/\/wymownie.pl\/index.php\/wp-json\/wp\/v2\/pages"}],"about":[{"href":"https:\/\/wymownie.pl\/index.php\/wp-json\/wp\/v2\/types\/page"}],"author":[{"embeddable":true,"href":"https:\/\/wymownie.pl\/index.php\/wp-json\/wp\/v2\/users\/1"}],"replies":[{"embeddable":true,"href":"https:\/\/wymownie.pl\/index.php\/wp-json\/wp\/v2\/comments?post=297"}],"version-history":[{"count":1,"href":"https:\/\/wymownie.pl\/index.php\/wp-json\/wp\/v2\/pages\/297\/revisions"}],"predecessor-version":[{"id":298,"href":"https:\/\/wymownie.pl\/index.php\/wp-json\/wp\/v2\/pages\/297\/revisions\/298"}],"wp:attachment":[{"href":"https:\/\/wymownie.pl\/index.php\/wp-json\/wp\/v2\/media?parent=297"}],"curies":[{"name":"wp","href":"https:\/\/api.w.org\/{rel}","templated":true}]}}